{"id":719,"date":"2023-05-14T16:13:14","date_gmt":"2023-05-14T14:13:14","guid":{"rendered":"https:\/\/greenmonkeysanctuary.org\/?page_id=719"},"modified":"2023-05-14T16:15:24","modified_gmt":"2023-05-14T14:15:24","slug":"project-2","status":"publish","type":"page","link":"https:\/\/greenmonkeysanctuary.org\/index.php\/project-2\/","title":{"rendered":"Project 2"},"content":{"rendered":"<div id=\"pl-719\"  class=\"panel-layout\" ><div id=\"pg-719-0\"  class=\"panel-grid panel-no-style\" ><div id=\"pgc-719-0-0\"  class=\"panel-grid-cell\" ><div id=\"panel-719-0-0-0\" class=\"so-panel widget widget_sow-headline panel-first-child panel-last-child\" data-index=\"0\" ><div class=\"so-rounded panel-widget-style panel-widget-style-for-719-0-0-0\" ><div\n\t\t\t\n\t\t\tclass=\"so-widget-sow-headline so-widget-sow-headline-default-db59efca0e58-719\"\n\t\t\t\n\t\t><div class=\"sow-headline-container \">\n\t\t\t\t\t\t\t<h1 class=\"sow-headline\">\n\t\t\t\t\t\tLA PROTECTION DES SINGES DU CAP-VERT\t\t\t\t\t\t<\/h1>\n\t\t\t\t\t\t<\/div>\n<\/div><\/div><\/div><\/div><\/div><div id=\"pg-719-1\"  class=\"panel-grid panel-no-style\" ><div id=\"pgc-719-1-0\"  class=\"panel-grid-cell\" ><div id=\"panel-719-1-0-0\" class=\"so-panel widget widget_sow-headline panel-first-child\" data-index=\"1\" ><div\n\t\t\t\n\t\t\tclass=\"so-widget-sow-headline so-widget-sow-headline-default-5bf93bd85187-719\"\n\t\t\t\n\t\t><div class=\"sow-headline-container \">\n\t\t\t\t\t\t<div class=\"decoration\">\n\t\t\t\t\t\t<div class=\"decoration-inside\"><\/div>\n\t\t\t\t\t<\/div>\n\t\t\t\t\t\t\t\t\t\t\t<h2 class=\"sow-headline\">\n\t\t\t\t\t\tObjectifs &amp; activit\u00e9s\t\t\t\t\t\t<\/h2>\n\t\t\t\t\t\t\t\t\t\t\t\t<h3 class=\"sow-sub-headline\">\n\t\t\t\t\t\tOBJ1 : ASSISTANCE AUX SINGES ABANDONNE\u0301S, BLESSE\u0301S, MALTRAITE\u0301S, OU CONFIE\u0301S PAR LEURS PRORIE\u0301TAIRES OU PAR LES AUTORITE\u0301S\t\t\t\t\t\t<\/h3>\n\t\t\t\t\t\t<\/div>\n<\/div><\/div><div id=\"panel-719-1-0-1\" class=\"so-panel widget widget_sow-editor panel-last-child\" data-index=\"2\" ><div\n\t\t\t\n\t\t\tclass=\"so-widget-sow-editor so-widget-sow-editor-base\"\n\t\t\t\n\t\t>\n<div class=\"siteorigin-widget-tinymce textwidget\">\n\t<ul>\n<li aria-level=\"1\"><b>Gestion du centre de r\u00e9habilitation pour la prise en charge des singes orphelins, bless\u00e9s ou abandonn\u00e9s et autres animaux en danger\u00a0:<\/b><\/li>\n<\/ul>\n<p><span style=\"font-weight: 400;\">Le Centre de r\u00e9habilitation est un foyer temporaire pour les singes bless\u00e9s, malades, abandonn\u00e9s, orphelins ou victimes de mauvais traitements et fournit des services v\u00e9t\u00e9rinaires, des soins et une attention particuli\u00e8re \u00e0 chaque animal 24 heures sur 24, 7 jours sur 7, \u00e0 des animaux qui, autrement, ne pourraient pas survivre dans leur milieu naturel. Notre objectif est d\u2019avoir une capacite\u0301 d'accueil de 20 a\u0300 30 singes.<br \/>\n<\/span><span style=\"font-weight: 400;\">Le centre est g\u00e9r\u00e9 par une \u00e9quipe de salari\u00e9s et de b\u00e9n\u00e9voles. Il peut accueillir tout autre animal sauvage si n\u00e9cessaire et leur offrir un environnement s\u00fbr avec un espace ad\u00e9quat avant de les placer dans un sanctuaire ou de les r\u00e9int\u00e9grer dans leur habitat naturel pour qu'ils y terminent leur vie, lorsque cela est possible.\u00a0<\/span><\/p>\n<\/div>\n<\/div><\/div><\/div><div id=\"pgc-719-1-1\"  class=\"panel-grid-cell\" ><div id=\"panel-719-1-1-0\" class=\"so-panel widget widget_sow-image panel-first-child panel-last-child\" data-index=\"3\" ><div\n\t\t\t\n\t\t\tclass=\"so-widget-sow-image so-widget-sow-image-default-8b5b6f678277-719\"\n\t\t\t\n\t\t>\n<div class=\"sow-image-container\">\n\t\t<img \n\tsrc=\"https:\/\/greenmonkeysanctuary.org\/wp-content\/uploads\/2022\/09\/IMG_20210210_114351_3-scaled.jpg\" width=\"1898\" height=\"2560\" srcset=\"https:\/\/greenmonkeysanctuary.org\/wp-content\/uploads\/2022\/09\/IMG_20210210_114351_3-scaled.jpg 1898w, https:\/\/greenmonkeysanctuary.org\/wp-content\/uploads\/2022\/09\/IMG_20210210_114351_3-222x300.jpg 222w, https:\/\/greenmonkeysanctuary.org\/wp-content\/uploads\/2022\/09\/IMG_20210210_114351_3-759x1024.jpg 759w, https:\/\/greenmonkeysanctuary.org\/wp-content\/uploads\/2022\/09\/IMG_20210210_114351_3-768x1036.jpg 768w, https:\/\/greenmonkeysanctuary.org\/wp-content\/uploads\/2022\/09\/IMG_20210210_114351_3-1139x1536.jpg 1139w, https:\/\/greenmonkeysanctuary.org\/wp-content\/uploads\/2022\/09\/IMG_20210210_114351_3-1518x2048.jpg 1518w\" sizes=\"(max-width: 1898px) 100vw, 1898px\" title=\"IMG_20210210_114351_3\" alt=\"\" \t\tclass=\"so-widget-image\"\/>\n\t<\/div>\n\n<\/div><\/div><\/div><\/div><div id=\"pg-719-2\"  class=\"panel-grid panel-has-style\" ><div class=\"siteorigin-panels-stretch panel-row-style panel-row-style-for-719-2\" data-stretch-type=\"full-stretched\" ><div id=\"pgc-719-2-0\"  class=\"panel-grid-cell\" ><div id=\"panel-719-2-0-0\" class=\"so-panel widget widget_sow-editor panel-first-child panel-last-child\" data-index=\"4\" ><div\n\t\t\t\n\t\t\tclass=\"so-widget-sow-editor so-widget-sow-editor-base\"\n\t\t\t\n\t\t>\n<div class=\"siteorigin-widget-tinymce textwidget\">\n\t<ul>\n<li aria-level=\"1\"><span style=\"color: #ffffff;\"><b>Cr\u00e9ation d\u2019une clinique v\u00e9t\u00e9rinaire dans le centre de r\u00e9habilitation pour les soins aux singes mais \u00e9galement a\u0300 tout autre animal n\u00e9cessitant des soins en urgence.\u00a0<\/b><\/span><\/li>\n<\/ul>\n<p><span style=\"font-weight: 400; color: #ffffff;\">La clinique v\u00e9t\u00e9rinaire donnera des soins curatifs et pr\u00e9ventifs aux animaux et aura la capacit\u00e9 de faire des analyses de base pour \u00e9tablir des diagnostics de sant\u00e9. La clinique doit \u00eatre en mesure de faire une petite chirurgie d\u2019urgence.\u00a0<\/span><\/p>\n<ul>\n<li aria-level=\"1\"><span style=\"color: #ffffff;\"><b>Une \u00e9quipe de soigneurs animaliers disposant d'un \u00e9quipement ad\u00e9quat pour capturer, transporter et manipuler les singes en toute s\u00e9curit\u00e9\u00a0:<\/b><\/span><\/li>\n<\/ul>\n<p><span style=\"font-weight: 400; color: #ffffff;\">L\u2019association mobilise r\u00e9guli\u00e8rement des ressources pour la formation du personnel et l\u2019acquisition d\u2019\u00e9quipements et mat\u00e9riels. Les centres de r\u00e9habilitation collaborent avec les autorit\u00e9s nationales, y compris pour la cadre capture des singes errants ou saisis sur une d\u00e9cision de justice. La capture des singes doit se faire dans le respect de la s\u00e9curit\u00e9 de l'animal et doit \u00eatre effectu\u00e9e par une \u00e9quipe form\u00e9e, \u00e9quip\u00e9e d'un mat\u00e9riel appropri\u00e9.\u00a0<\/span><\/p>\n<ul>\n<li aria-level=\"1\"><span style=\"color: #ffffff;\"><b>Un espace d'information sur la protection des singes et la pr\u00e9servation de la biodiversit\u00e9 au Cap-Vert\u00a0:\u00a0<\/b><\/span><\/li>\n<\/ul>\n<p><span style=\"font-weight: 400; color: #ffffff;\">En autorisant un acc\u00e8s limit\u00e9 aux installations, le Centre de r\u00e9habilitation devient un lieu privil\u00e9gi\u00e9 pour sensibiliser sur la protection des singes et la pr\u00e9servation de la biodiversit\u00e9 ainsi qu\u2019au changement climatique qui affecte la survie des esp\u00e8ces sauvages et des \u00eatres humains. Le centre offre aux visiteurs une information<\/span><\/p>\n<\/div>\n<\/div><\/div><\/div><\/div><\/div><div id=\"pg-719-3\"  class=\"panel-grid panel-no-style\" ><div id=\"pgc-719-3-0\"  class=\"panel-grid-cell\" ><div id=\"panel-719-3-0-0\" class=\"so-panel widget widget_sow-headline panel-first-child\" data-index=\"5\" ><div\n\t\t\t\n\t\t\tclass=\"so-widget-sow-headline so-widget-sow-headline-default-256b72439ef0-719\"\n\t\t\t\n\t\t><div class=\"sow-headline-container \">\n\t\t\t\t\t\t\t<h3 class=\"sow-sub-headline\">\n\t\t\t\t\t\tOBJ 2 : LUTTE CONTRE LA MATRAITANCE DES SINGES\t\t\t\t\t\t<\/h3>\n\t\t\t\t\t\t<\/div>\n<\/div><\/div><div id=\"panel-719-3-0-1\" class=\"so-panel widget widget_sow-editor panel-last-child\" data-index=\"6\" ><div\n\t\t\t\n\t\t\tclass=\"so-widget-sow-editor so-widget-sow-editor-base\"\n\t\t\t\n\t\t>\n<div class=\"siteorigin-widget-tinymce textwidget\">\n\t<ul>\n<li aria-level=\"1\"><b>Des campagnes d'information sur la maltraitance des singes\u00a0:<\/b><\/li>\n<\/ul>\n<p><span style=\"font-weight: 400;\">Les campagnes d\u2019information sont destin\u00e9es \u00e0 sensibiliser et \u00e0 mobiliser le grand public et les autorit\u00e9s nationales sur la situation critique des singes. Elles sont organis\u00e9es ponctuellement selon un plan de communication d\u00e9fini sur une p\u00e9riode de deux ann\u00e9es.\u00a0<\/span><b><\/b><\/p>\n<ul>\n<li aria-level=\"1\"><b>Des enqu\u00eates sur les singes en captivit\u00e9 sur l'\u00eele de Santiago\u00a0:<\/b><\/li>\n<\/ul>\n<p><span style=\"font-weight: 400;\">Il n'existe actuellement aucune donn\u00e9e sur les singes en captivit\u00e9 et sur les conditions de leur captivit\u00e9. Il est important de disposer d'informations pr\u00e9cises pour \u00e9valuer le risque sanitaire \u00e9ventuel et l\u2019ampleur de la situation de la captivit\u00e9 des singes. Les enqu\u00eates permettent de localiser les singes en captivit\u00e9, de v\u00e9rifier les conditions de leur captivit\u00e9 et de sensibiliser les propri\u00e9taires de singes aux conditions minimales de captivit\u00e9 sur les risques juridiques li\u00e9s au fait de laisser souffrir l'animal.\u00a0<\/span><b><\/b><\/p>\n<ul>\n<li aria-level=\"1\"><b>D\u00e9nonciation des cas de maltraitance des singes :<\/b><\/li>\n<\/ul>\n<p><span style=\"font-weight: 400;\">Une fois qu\u2019un singe maltrait\u00e9 a \u00e9t\u00e9 identifi\u00e9, apr\u00e8s une enqu\u00eate approfondie bas\u00e9e sur des preuves concr\u00e8tes et solides, l\u2019association organise une discussion avec le propri\u00e9taire pour l\u2019informer sur la n\u00e9cessit\u00e9 d\u2019am\u00e9liorer les conditions de vie du singe. Si cette n\u00e9gociation \u00e9choue, l\u2019association informe le prioritaire du singe de son intention de porter plainte pour maltraitance d\u2019un animal domestique. L\u2019association travaille avec plusieurs avocats pour organiser la d\u00e9nonciation de cas de maltraitance afin de pouvoir r\u00e9cup\u00e9rer le singe et de le prendre en charge dans le centre de r\u00e9habilitation.<\/span><\/p>\n<p><span style=\"font-weight: 400;\">L'association met tout en \u0153uvre pour r\u00e9cup\u00e9rer les singes maltrait\u00e9s ou errants et les emmener au centre de r\u00e9habilitation, que ce soit \u00e0 la demande des propri\u00e9taires ou des autorit\u00e9s locales.\u00a0<\/span><b><\/b><\/p>\n<ul>\n<li aria-level=\"1\"><b>Une l\u00e9gislation visant \u00e0 prot\u00e9ger les singes :<\/b><\/li>\n<\/ul>\n<p><span style=\"font-weight: 400;\">L'association encourage les autorit\u00e9s nationales \u00e0 l\u00e9gif\u00e9rer sur la protection du singe vert au Cap-Vert, conform\u00e9ment aux conventions internationales en vigueur pour interdire la vente de viande de singe, condamner les cas de maltraitance et interdire la captivit\u00e9 des singes comme animaux de compagnie.<\/span><\/p>\n<\/div>\n<\/div><\/div><\/div><\/div><div id=\"pg-719-4\"  class=\"panel-grid panel-has-style\" ><div class=\"siteorigin-panels-stretch panel-row-style panel-row-style-for-719-4\" data-stretch-type=\"full-stretched\" ><div id=\"pgc-719-4-0\"  class=\"panel-grid-cell\" ><div id=\"panel-719-4-0-0\" class=\"so-panel widget widget_sow-headline panel-first-child\" data-index=\"7\" ><div\n\t\t\t\n\t\t\tclass=\"so-widget-sow-headline so-widget-sow-headline-default-92aeb2bba4b3-719\"\n\t\t\t\n\t\t><div class=\"sow-headline-container \">\n\t\t\t\t\t\t\t<h3 class=\"sow-sub-headline\">\n\t\t\t\t\t\tOBJ3 : PROTEGER LES SINGES DANS LEUR MILIEU NATUREL, PRE\u0301SERVER LA BIODIVERSITE\u0301 ET AGIR CONTRE LE CHANGEMENT CLIMATIQUE\t\t\t\t\t\t<\/h3>\n\t\t\t\t\t\t<\/div>\n<\/div><\/div><div id=\"panel-719-4-0-1\" class=\"so-panel widget widget_sow-editor panel-last-child\" data-index=\"8\" ><div\n\t\t\t\n\t\t\tclass=\"so-widget-sow-editor so-widget-sow-editor-base\"\n\t\t\t\n\t\t>\n<div class=\"siteorigin-widget-tinymce textwidget\">\n\t<ul>\n<li aria-level=\"1\"><span style=\"color: #ffffff;\"><b>R\u00e9aliser un recensement des singes sur l\u2019ile de Santiago\u00a0:\u00a0<\/b><\/span><\/li>\n<\/ul>\n<p><span style=\"font-weight: 400; color: #ffffff;\">L\u2019association s\u2019engage sur la protection des singes dans leur milieu naturel et la premi\u00e8re intervention initi\u00e9e en 2022 concerne le recensement des singes sur l\u2019ile de Santiago.\u00a0<\/span><\/p>\n<p><span style=\"color: #ffffff;\"><span style=\"font-weight: 400;\">Au Cap-Vert, il n'existe pas de recensement et encore moins de carte de localisation des troupes de singes sur l'\u00eele de Santiago. Le premier pas vers la protection des singes dans leur environnement naturel est de r\u00e9aliser un recensement de la population de singes et une carte de localisation de leurs territoires<\/span><b>.<\/b><span style=\"font-weight: 400;\"> Cela permettra d'am\u00e9liorer la gestion de la population de singes, qui n\u00e9cessite des informations fiables et actualis\u00e9es.\u00a0<\/span><\/span><\/p>\n<p><span style=\"color: #ffffff;\"><span style=\"font-weight: 400;\">Ce recensement devra \u00eatre r\u00e9alis\u00e9 sur des p\u00e9riodes r\u00e9guli\u00e8res (3-5 ans) afin de mesurer l'impact des mesures de protection tant sur les esp\u00e8ces et les \u00e9cosyst\u00e8mes que sur l'aspect \u00e9conomique (agriculture et tourisme de nature).<\/span><b><\/b><\/span><\/p>\n<\/div>\n<\/div><\/div><\/div><\/div><\/div><div id=\"pg-719-5\"  class=\"panel-grid panel-no-style\" ><div id=\"pgc-719-5-0\"  class=\"panel-grid-cell\" ><div id=\"panel-719-5-0-0\" class=\"so-panel widget widget_sow-editor panel-first-child panel-last-child\" data-index=\"9\" ><div\n\t\t\t\n\t\t\tclass=\"so-widget-sow-editor so-widget-sow-editor-base\"\n\t\t\t\n\t\t>\n<div class=\"siteorigin-widget-tinymce textwidget\">\n\t<ul>\n<li aria-level=\"1\"><b>Programme scolaire sur la protection des singes, la pr\u00e9servation de la biodiversit\u00e9 et la lutte contre le changement climatique\u00a0:<\/b><\/li>\n<\/ul>\n<p><span style=\"font-weight: 400;\">L'am\u00e9lioration des connaissances sur les animaux sauvages contribue \u00e0 renforcer la motivation \u00e0 les prot\u00e9ger. L\u2019association d\u00e9veloppe, en collaboration avec des enseignants et des experts, un kit scolaire d\u2019information sur la protection des singes, la pr\u00e9servation de la biodiversit\u00e9 et la lutte contre le changement climatique pour l\u2019organisation d\u2019interventions dans les \u00e9coles et les universit\u00e9s du pays.<\/span><b><\/b><\/p>\n<\/div>\n<\/div><\/div><\/div><div id=\"pgc-719-5-1\"  class=\"panel-grid-cell\" ><div id=\"panel-719-5-1-0\" class=\"so-panel widget widget_sow-image panel-first-child panel-last-child\" data-index=\"10\" ><div\n\t\t\t\n\t\t\tclass=\"so-widget-sow-image so-widget-sow-image-default-8b5b6f678277-719\"\n\t\t\t\n\t\t>\n<div class=\"sow-image-container\">\n\t\t<img \n\tsrc=\"https:\/\/greenmonkeysanctuary.org\/wp-content\/uploads\/2022\/09\/monkey-11.jpg\" width=\"1080\" height=\"996\" srcset=\"https:\/\/greenmonkeysanctuary.org\/wp-content\/uploads\/2022\/09\/monkey-11.jpg 1080w, https:\/\/greenmonkeysanctuary.org\/wp-content\/uploads\/2022\/09\/monkey-11-300x277.jpg 300w, https:\/\/greenmonkeysanctuary.org\/wp-content\/uploads\/2022\/09\/monkey-11-1024x944.jpg 1024w, https:\/\/greenmonkeysanctuary.org\/wp-content\/uploads\/2022\/09\/monkey-11-768x708.jpg 768w\" sizes=\"(max-width: 1080px) 100vw, 1080px\" alt=\"\" \t\tclass=\"so-widget-image\"\/>\n\t<\/div>\n\n<\/div><\/div><\/div><\/div><div id=\"pg-719-6\"  class=\"panel-grid panel-no-style\" ><div id=\"pgc-719-6-0\"  class=\"panel-grid-cell\" ><div id=\"panel-719-6-0-0\" class=\"so-panel widget widget_sow-editor panel-first-child panel-last-child\" data-index=\"11\" ><div\n\t\t\t\n\t\t\tclass=\"so-widget-sow-editor so-widget-sow-editor-base\"\n\t\t\t\n\t\t>\n<div class=\"siteorigin-widget-tinymce textwidget\">\n\t<ul>\n<li aria-level=\"1\"><b>Cr\u00e9ation d\u2019une aire prot\u00e9g\u00e9e (sanctuaires) pour les singes :\u00a0<\/b><\/li>\n<\/ul>\n<p><span style=\"font-weight: 400;\">L\u2019association fait un plaidoyer permanent aupr\u00e8s des autorit\u00e9s nationales pour obtenir une aire prot\u00e9g\u00e9e d\u00e9di\u00e9e aux singes.\u00a0<\/span><\/p>\n<p><span style=\"font-weight: 400;\">Parmi les actions visant \u00e0 pr\u00e9server la biodiversit\u00e9, il est reconnu que la cr\u00e9ation de zones prot\u00e9g\u00e9es, correctement financ\u00e9es et g\u00e9r\u00e9es, est le meilleur moyen de pr\u00e9server les primates, tout en contribuant \u00e0 la protection de nombreuses autres esp\u00e8ces. R\u00e9introduire des primates signifie les r\u00e9introduire dans la nature, de pr\u00e9f\u00e9rence dans des zones prot\u00e9g\u00e9es o\u00f9 leur s\u00e9curit\u00e9 peut \u00eatre garantie et o\u00f9 ils peuvent \u00eatre observ\u00e9s dans un espace d\u00e9di\u00e9.\u00a0<\/span><\/p>\n<ul>\n<li aria-level=\"1\"><b>Actions pour une meilleure cohabitation entre les singes et les agriculteurs :\u00a0\u00a0<\/b><\/li>\n<\/ul>\n<p><span style=\"font-weight: 400;\">L'abattage des singes en raison des d\u00e9g\u00e2ts qu'ils causent dans les zones agricoles est la premi\u00e8re cause de mortalit\u00e9 de l'esp\u00e8ce. L\u2019association rencontre r\u00e9guli\u00e8rement les agriculteurs pour les sensibiliser sur la n\u00e9cessaire pr\u00e9servation de l\u2019esp\u00e8ce, tout en sugg\u00e9rant des mesures de protection des zones cultiv\u00e9es. Il est important de reconna\u00eetre que les actions visant \u00e0 prot\u00e9ger les singes dans leur environnement naturel doivent \u00eatre accompagn\u00e9es de mesures visant \u00e0 prot\u00e9ger les ressources \u00e9conomiques des agriculteurs. La dialogue permanent avec les agriculteurs est essentiels et l\u2019association tente de mobiliser des ressources pour d\u00e9velopper un v\u00e9ritable projet de formation et de soutien technique permanent des agriculteurs.<\/span><\/p>\n<\/div>\n<\/div><\/div><\/div><\/div><div id=\"pg-719-7\"  class=\"panel-grid panel-has-style\" ><div class=\"siteorigin-panels-stretch panel-row-style panel-row-style-for-719-7\" data-stretch-type=\"full-stretched\" ><div id=\"pgc-719-7-0\"  class=\"panel-grid-cell\" ><div id=\"panel-719-7-0-0\" class=\"so-panel widget widget_sow-headline panel-first-child\" data-index=\"12\" ><div\n\t\t\t\n\t\t\tclass=\"so-widget-sow-headline so-widget-sow-headline-default-92aeb2bba4b3-719\"\n\t\t\t\n\t\t><div class=\"sow-headline-container \">\n\t\t\t\t\t\t\t<h3 class=\"sow-sub-headline\">\n\t\t\t\t\t\tOBJ4 : AM\u00c9LIORER L\u2019EXPERTISE DE L\u2019ASSOCIATION ET SA CAPACIT\u00c9 DE MOBILISATION AU NIVEAU NATIONAL ET INTERNATIONAL\t\t\t\t\t\t<\/h3>\n\t\t\t\t\t\t<\/div>\n<\/div><\/div><div id=\"panel-719-7-0-1\" class=\"so-panel widget widget_sow-editor panel-last-child\" data-index=\"13\" ><div\n\t\t\t\n\t\t\tclass=\"so-widget-sow-editor so-widget-sow-editor-base\"\n\t\t\t\n\t\t>\n<div class=\"siteorigin-widget-tinymce textwidget\">\n\t<ul>\n<li aria-level=\"1\"><span style=\"color: #ffffff;\"><b>D\u00e9velopper les partenariats\u00a0:\u00a0\u00a0\u00a0<\/b><\/span><\/li>\n<\/ul>\n<p><span style=\"color: #ffffff;\"><span style=\"font-weight: 400;\">Des partenariats sont d\u00e9velopp\u00e9s avec des fondations et des institutions sp\u00e9cialis\u00e9es pour consolider la capacit\u00e9 technique de l'association et la mobilisation internationale en faveur des singes du Cap Vert.\u00a0<\/span><b><\/b><\/span><\/p>\n<ul>\n<li aria-level=\"1\"><span style=\"color: #ffffff;\"><b>Int\u00e9grer le r\u00e9seau international de sanctuaires et de centres de r\u00e9habilitation de primates :<\/b><\/span><\/li>\n<\/ul>\n<p><span style=\"font-weight: 400; color: #ffffff;\">Afin de consolider les interventions de l\u2019association, et de multiplier les \u00e9changes d\u2019exp\u00e9riences, l\u2019association vise l\u2019int\u00e9gration des principales alliances internationales de protection des animaux. C\u2019est un travail de longue haleine qui commence par l\u2019obtention de r\u00e9sultats probants.\u00a0\u00a0<\/span><\/p>\n<\/div>\n<\/div><\/div><\/div><\/div><\/div><\/div>","protected":false},"excerpt":{"rendered":"<p>Gestion du centre de r\u00e9habilitation pour la prise en charge des singes orphelins, bless\u00e9s ou abandonn\u00e9s et autres animaux en danger\u00a0: Le Centre de r\u00e9habilitation est un foyer temporaire pour les singes bless\u00e9s, malades, abandonn\u00e9s, orphelins ou victimes de mauvais traitements et fournit des services v\u00e9t\u00e9rinaires, des soins et une attention particuli\u00e8re \u00e0 chaque animal&hellip;&nbsp;<a href=\"https:\/\/greenmonkeysanctuary.org\/index.php\/project-2\/\" rel=\"bookmark\">Lire la suite &raquo;<span class=\"screen-reader-text\">Project 2<\/span><\/a><\/p>\n","protected":false},"author":1,"featured_media":0,"parent":0,"menu_order":0,"comment_status":"closed","ping_status":"closed","template":"","meta":{"neve_meta_sidebar":"","neve_meta_container":"","neve_meta_enable_content_width":"off","neve_meta_content_width":100,"neve_meta_title_alignment":"","neve_meta_author_avatar":"","neve_post_elements_order":"","neve_meta_disable_header":"","neve_meta_disable_footer":"","neve_meta_disable_title":"","footnotes":""},"class_list":["post-719","page","type-page","status-publish","hentry"],"jetpack_sharing_enabled":true,"_links":{"self":[{"href":"https:\/\/greenmonkeysanctuary.org\/index.php\/wp-json\/wp\/v2\/pages\/719","targetHints":{"allow":["GET"]}}],"collection":[{"href":"https:\/\/greenmonkeysanctuary.org\/index.php\/wp-json\/wp\/v2\/pages"}],"about":[{"href":"https:\/\/greenmonkeysanctuary.org\/index.php\/wp-json\/wp\/v2\/types\/page"}],"author":[{"embeddable":true,"href":"https:\/\/greenmonkeysanctuary.org\/index.php\/wp-json\/wp\/v2\/users\/1"}],"replies":[{"embeddable":true,"href":"https:\/\/greenmonkeysanctuary.org\/index.php\/wp-json\/wp\/v2\/comments?post=719"}],"version-history":[{"count":9,"href":"https:\/\/greenmonkeysanctuary.org\/index.php\/wp-json\/wp\/v2\/pages\/719\/revisions"}],"predecessor-version":[{"id":739,"href":"https:\/\/greenmonkeysanctuary.org\/index.php\/wp-json\/wp\/v2\/pages\/719\/revisions\/739"}],"wp:attachment":[{"href":"https:\/\/greenmonkeysanctuary.org\/index.php\/wp-json\/wp\/v2\/media?parent=719"}],"curies":[{"name":"wp","href":"https:\/\/api.w.org\/{rel}","templated":true}]}}